
List the prime factors of 1649670465.
3, 5, 41, 2682391
What are the prime factors of 194946315?
3, 5, 12996421
What are the prime factors of 397604791?
31, 12825961
What are the prime factors of 355278145?
5, 191, 601, 619
List the prime factors of 48697905.
3, 5, 3246527
List the prime factors of 2676282262.
2, 1338141131
What are the prime factors of 479574583?
619, 774757
What are the prime factors of 184765709?
19, 197, 49363
List the prime factors of 1882795491.
3, 113, 1301, 1423
What are the prime factors of 1960771223?
3623, 541201
What are the prime factors of 36193608?
2, 3, 11, 15233
What are the prime factors of 3270943221?
3, 7, 13, 43, 278639
List the prime factors of 325963307.
325963307
What are the prime factors of 764493347?
2341, 326567
List the prime factors of 520440309.
3, 43, 149423
List the prime factors of 227184254.
2, 11, 19, 543503
List the prime factors of 701442420.
2, 3, 5, 7, 1151, 1451
List the prime factors of 162394328.
2, 107, 189713
What are the prime factors of 9430523?
37, 254879
List the prime factors of 59781117.
3, 11, 23, 79, 997
List the prime factors of 139760751.
3, 13, 19, 47, 4013
List the prime factors of 544596355.
5, 9091, 11981
List the prime factors of 336804350.
2, 5, 47, 251, 571
List the prime factors of 1259333852.
2, 7, 101, 4409
What are the prime factors of 172166124?
2, 3, 13, 1103629
List the prime factors of 438199979.
7, 23, 1493, 1823
What are the prime factors of 131603291?
19, 61, 271, 419
List the prime factors of 247432425.
3, 5, 617, 5347
List the prime factors of 1387158435.
3, 5, 13, 17, 139483
What are the prime factors of 3080324004?
2, 3, 19, 193, 70001
List the prime factors of 2791338498.
2, 3, 13, 59, 202183
What are the prime factors of 1362449830?
2, 5, 7, 59, 329891
List the prime factors of 617434845.
3, 5, 2029, 20287
List the prime factors of 774122428.
2, 7027, 27541
What are the prime factors of 1458089545?
5, 11, 19, 1395301
What are the prime factors of 1152317993?
1152317993
List the prime factors of 21629386.
2, 37, 41, 7129
List the prime factors of 281826912.
2, 3, 23, 109, 1171
List the prime factors of 500576172.
2, 3, 41714681
List the prime factors of 1840701607.
53, 34730219
What are the prime factors of 1767793971?
3, 8423, 69959
List the prime factors of 967666885.
5, 193533377
List the prime factors of 32204268.
2, 3, 29, 109, 283
What are the prime factors of 227295393?
3, 13, 5828087
What are the prime factors of 3387359467?
1117, 3032551
What are the prime factors of 445491798?
2, 3, 409, 181537
What are the prime factors of 1498504738?
2, 749252369
List the prime factors of 4814522981.
4814522981
List the prime factors of 137440841.
137440841
What are the prime factors of 21706053?
3, 7235351
List the prime factors of 389584500.
2, 3, 5, 259723
List the prime factors of 28357953.
3, 13, 197, 3691
What are the prime factors of 171301693?
4549, 37657
What are the prime factors of 326785840?
2, 5, 23, 177601
What are the prime factors of 1147217414?
2, 7, 23, 1543, 2309
What are the prime factors of 1559128534?
2, 619, 1259393
What are the prime factors of 47923025?
5, 1916921
What are the prime factors of 12093869?
12093869
List the prime factors of 144227235.
3, 5, 17, 565597
List the prime factors of 658491459.
3, 137, 1602169
What are the prime factors of 1272139802?
2, 71, 8958731
What are the prime factors of 1811832211?
7, 258833173
What are the prime factors of 259706852?
2, 787, 82499
List the prime factors of 71676805.
5, 31, 163, 2837
List the prime factors of 428161966.
2, 17, 12592999
List the prime factors of 40589105.
5, 229, 35449
What are the prime factors of 485906993?
11, 13, 23, 157, 941
List the prime factors of 2688646874.
2, 59, 22785143
What are the prime factors of 703028392?
2, 11, 349, 2081
What are the prime factors of 2461101025?
5, 98444041
List the prime factors of 23486075.
5, 939443
What are the prime factors of 37121808?
2, 3, 773371
List the prime factors of 1670641168.
2, 7, 37, 59, 6833
What are the prime factors of 1734082673?
53, 383, 85427
What are the prime factors of 171265977?
3, 127, 149839
List the prime factors of 187919127.
3, 11, 983, 1931
What are the prime factors of 3592564079?
13, 276351083
What are the prime factors of 116945131?
116945131
List the prime factors of 145841458.
2, 7, 83, 125509
What are the prime factors of 32777129?
7, 11, 60811
What are the prime factors of 198525409?
198525409
List the prime factors of 73207067.
557, 131431
What are the prime factors of 4265084389?
17, 250887317
List the prime factors of 1477995.
3, 5, 98533
What are the prime factors of 18503774?
2, 37, 250051
List the prime factors of 74222471.
74222471
What are the prime factors of 72147024?
2, 3, 179, 311
What are the prime factors of 5839305575?
5, 89, 653, 4019
What are the prime factors of 173696909?
43, 93941
List the prime factors of 1004962037.
47, 271, 78901
List the prime factors of 28681058.
2, 7, 29, 41, 1723
List the prime factors of 3914496259.
4507, 868537
List the prime factors of 90917631.
3, 7, 53, 73, 373
List the prime factors of 2167031262.
2, 3, 11, 2843, 11549
What are the prime factors of 1606906713?
3, 59, 61, 148829
List the prime factors of 637318.
2, 11, 59, 491
What are the prime factors of 149632889?
7, 1621, 13187
List the prime factors of 105269408.
2, 61, 199, 271
What are the prime factors of 27608828?
2, 13, 109, 4871
What are the prime factors of 7010613?
3, 17, 45821
What are the prime factors of 3562616476?
2, 29, 30712211
What are the prime factors of 74080961?
74080961
List the prime factors of 110445866.
2, 163, 338791
What are the prime factors of 61128401?
61128401
What are the prime factors of 19055683?
1171, 16273
List the prime factors of 794731772.
2, 19, 10456997
What are the prime factors of 799961768?
2, 211, 473911
List the prime factors of 3749965337.
277, 13537781
What are the prime factors of 346141015?
5, 11, 6293473
What are the prime factors of 716165372?
2, 13, 13772411
What are the prime factors of 62489661?
3, 13, 191, 8389
List the prime factors of 6467381461.
6467381461
List the prime factors of 136324107.
3, 19, 265739
What are the prime factors of 55703135?
5, 17, 655331
List the prime factors of 33940996.
2, 8485249
List the prime factors of 234325453.
234325453
What are the prime factors of 2349250?
2, 5, 9397
List the prime factors of 215134926.
2, 3, 35855821
List the prime factors of 1356160282.
2, 678080141
List the prime factors of 97047364.
2, 19, 977, 1307
What are the prime factors of 114744514?
2, 1459, 39323
What are the prime factors of 501718771?
501718771
List the prime factors of 1702981422.
2, 3, 211, 16607
List the prime factors of 838320644.
2, 7, 761, 39343
List the prime factors of 39363799.
137, 287327
List the prime factors of 127428725.
5, 19, 268271
What are the prime factors of 69931661?
23, 89, 127, 269
List the prime factors of 50941416.
2, 3, 83, 107, 239
List the prime factors of 874954.
2, 181, 2417
List the prime factors of 136670482.
2, 13, 389, 13513
List the prime factors of 94614381.
3, 53, 139, 1427
List the prime factors of 112532595.
3, 5, 7, 1071739
List the prime factors of 138448046.
2, 11, 31, 43, 4721
List the prime factors of 35361628.
2, 8840407
List the prime factors of 21150245.
5, 479, 8831
List the prime factors of 3624734.
2, 47, 38561
List the prime factors of 223658930.
2, 5, 11, 2033263
List the prime factors of 1245260952.
2, 3, 13, 83, 137
List the prime factors of 25801378.
2, 1993, 6473
List the prime factors of 28181808.
2, 3, 23, 67, 127
List the prime factors of 87760168.
2, 97, 113093
List the prime factors of 81160665.
3, 5, 839, 6449
What are the prime factors of 115251531?
3, 71, 541087
List the prime factors of 799576984.
2, 337, 296579
List the prime factors of 5457511006.
2, 2728755503
What are the prime factors of 4448324465?
5, 13, 17, 4025633
List the prime factors of 58157768.
2, 83, 87587
List the prime factors of 854513474.
2, 427256737
List the prime factors of 5102910.
2, 3, 5, 31, 59
What are the prime factors of 42921006?
2, 3, 7153501
List the prime factors of 146578919.
3907, 37517
List the prime factors of 91355106.
2, 3, 101, 233, 647
What are the prime fa